ommon factor of 390 and 45.
15
Calculate the highest common divisor of 21 and 84.
21
What is the highest common factor of 15 and 2565?
15
What is the greatest common factor of 5046 and 1218?
174
What is the greatest common factor of 22 and 1738?
22
What is the greatest common divisor of 77 and 3773?
77
Calculate the greatest common factor of 12 and 272.
4
Calculate the greatest common factor of 69 and 12857.
23
What is the highest common divisor of 108 and 7668?
108
What is the highest common factor of 9 and 771?
3
What is the highest common divisor of 27 and 123?
3
What is the greatest common factor of 616 and 286?
22
Calculate the highest common factor of 60 and 570.
30
What is the highest common divisor of 38 and 114?
38
What is the greatest common factor of 39 and 3?
3
What is the greatest common divisor of 1305 and 27?
9
Calculate the greatest common divisor of 5 and 89620.
5
What is the highest common factor of 658 and 70?
14
What is the greatest common divisor of 25 and 575?
25
What is the greatest common divisor of 329 and 1410?
47
Calculate the highest common factor of 168 and 896.
56
What is the highest common factor of 10 and 140?
10
Calculate the highest common divisor of 18 and 3447.
9
Calculate the highest common divisor of 34 and 4.
2
What is the highest common divisor of 66 and 2530?
22
Calculate the greatest common divisor of 17 and 986.
17
Calculate the highest common factor of 207 and 368.
23
Calculate the greatest common divisor of 8815 and 645.
215
What is the greatest common factor of 17 and 1003?
17
Calculate the highest common divisor of 51 and 136.
17
What is the highest common factor of 58 and 4814?
58
Calculate the greatest common divisor of 36 and 1494.
18
Calculate the highest common divisor of 48 and 16.
16
Calculate the greatest common factor of 175 and 2905.
35
What is the highest common factor of 37 and 1073?
37
Calculate the highest common divisor of 518 and 111.
37
Calculate the highest common factor of 23 and 23.
23
Calculate the greatest common factor of 3791 and 4683.
223
Calculate the greatest common factor of 891 and 561.
33
Calculate the greatest common factor of 159 and 57.
3
What is the greatest common factor of 182 and 663?
13
Calculate the highest common factor of 7 and 10605.
7
Calculate the greatest common factor of 57 and 27.
3
Calculate the greatest common divisor of 234 and 26.
26
Calculate the greatest common divisor of 21 and 133.
7
Calculate the highest common factor of 14768 and 16.
16
Calculate the greatest common factor of 1130 and 3277.
113
What is the highest common divisor of 18 and 909?
9
What is the highest common divisor of 48 and 6000?
48
What is the greatest common divisor of 43 and 215?
43
Calculate the greatest common divisor of 5 and 15.
5
Calculate the greatest common divisor of 166 and 65819.
83
What is the highest common factor of 10650 and 150?
150
What is the greatest common divisor of 22 and 781?
11
What is the greatest common factor of 7021 and 7?
7
What is the greatest common factor of 14 and 56?
14
What is the greatest common factor of 486 and 18?
18
What is the greatest common factor of 12 and 6?
6
What is the greatest common divisor of 8916 and 36?
12
What is the greatest common divisor of 2806 and 46?
46
What is the greatest common divisor of 7 and 791?
7
What is the greatest common divisor of 58100 and 175?
175
What is the highest common divisor of 1296 and 976?
16
Calculate the greatest common factor of 53816 and 56.
56
Calculate the greatest common divisor of 78 and 30.
6
Calculate the greatest common divisor of 7301 and 98.
49
What is the greatest common factor of 5 and 369?
1
Calculate the highest common divisor of 2600 and 8.
8
Calculate the greatest common divisor of 516 and 12.
12
What is the highest common divisor of 207 and 299?
23
What is the greatest common factor of 25 and 275?
25
Calculate the highest common divisor of 71 and 18815.
71
Calculate the highest common divisor of 1582 and 14.
14
What is the highest common divisor of 54 and 6?
6
Calculate the highest common factor of 8 and 118.
2
Calculate the greatest common factor of 184 and 322.
46
What is the greatest common factor of 1028 and 27499?
257
Calculate the greatest common divisor of 43 and 172.
43
Calculate the highest common factor of 128 and 1376.
32
Calculate the highest common factor of 3980 and 60.
20
What is the greatest common factor of 13 and 16?
1
Calculate the greatest common factor of 1081 and 376.
47
What is the highest common divisor of 130 and 10?
10
Calculate the highest common factor of 18612 and 792.
396
Calculate the highest common factor of 91 and 52.
13
What is the highest common factor of 736 and 64?
32
What is the greatest common divisor of 30396 and 272?
68
What is the greatest common divisor of 56 and 18774?
14
Calculate the highest common divisor of 150 and 60.
30
What is the greatest common divisor of 264 and 561?
33
What is the greatest common factor of 60 and 60?
60
Calculate the greatest common factor of 672 and 140.
28
What is the greatest common factor of 77 and 91?
7
What is the highest common factor of 69 and 87?
3
What is the highest common divisor of 12108 and 4?
4
Calculate the highest common factor of 56 and 776.
8
Calculate the greatest common divisor of 322 and 14.
14
Calculate the greatest common factor of 413 and 56.
7
What is the highest common divisor of 437 and 161?
23
Calculate the highest common factor of 1256 and 16.
8
Calculate the greatest common divisor of 120 and 1005.
15
What is the greatest common factor of 11250 and 180?
90
What is the highest common factor of 606 and 31714?
202
What is the greatest common divisor of 17953 and 13?
13
What is the greatest common divisor of 560 and 980?
140
What is the greatest common factor of 130 and 1885?
65
What is the highest common factor of 9 and 207?
9
Calculate the greatest common divisor of 4250 and 250.
250
Calculate the highest common factor of 2652 and 364.
52
Calculate the highest common factor of 438 and 27448.
146
What is the highest common divisor of 168 and 105?
21
What is the greatest common factor of 127 and 8128?
127
Calculate the highest common factor of 1504 and 32.
32
What is the highest common factor of 1060 and 4505?
265
What is the greatest common divisor of 8 and 152?
8
Calculate the greatest common factor of 30 and 50.
10
What is the highest common factor of 21536 and 64?
32
What is the highest common factor of 119 and 34?
17
Calculate the greatest common factor of 7067 and 2483.
191
What is the greatest common factor of 609 and 1131?
87
What is the highest common divisor of 18 and 42?
6
Calculate the greatest common factor of 1034 and 658.
94
What is the greatest common divisor of 52 and 754?
26
What is the highest common divisor of 280 and 10840?
40
What is the highest common divisor of 198 and 1276?
22
Calculate the highest common divisor of 2449 and 62.
31
What is the greatest common factor of 629 and 259?
37
What is the greatest common divisor of 125 and 10750?
125
Calculate the greatest common divisor of 1368 and 38.
38
Calculate the greatest common factor of 95 and 722.
19
Calculate the greatest common factor of 1066 and 26.
26
Calculate the highest common factor of 185 and 37.
37
Calculate the greatest common factor of 1189 and 29.
29
What is the highest common divisor of 46 and 299?
23
Calculate the greatest common factor of 1824 and 4712.
152
Calculate the highest common divisor of 590 and 10.
10
Calculate the highest common factor of 106 and 2173.
53
Calculate the highest common factor of 24 and 1480.
8
What is the highest common divisor of 98 and 56?
14
What is the greatest common divisor of 2400 and 75?
75
What is the greatest common factor of 144 and 4176?
144
What is the greatest common factor of 47 and 1363?
47
What is the greatest common factor of 937 and 2?
1
Calculate the greatest common factor of 22 and 934.
2
What is the highest common divisor of 4522 and 2142?
238
What is the greatest common factor of 20 and 1090?
10
What is the highest common divisor of 9 and 21?
3
Calculate the greatest common divisor of 3 and 732.
3
What is the greatest common factor of 177 and 236?
59
What is the greatest common divisor of 1537 and 53?
53
What is the greatest common